at is 697831 - -1?
697832
In base 16, what is -3 - 600e99?
-600e9c
In base 8, what is -77000 - 13667?
-112667
In base 7, what is 1003365 + -1654?
1001411
In base 5, what is -3 + -202203203311?
-202203203314
In base 15, what is 6 - 30a7d?
-30a77
In base 8, what is -71 - 1040400?
-1040471
In base 8, what is -33472556 - 1?
-33472557
In base 3, what is 0 - -2100222111120122?
2100222111120122
In base 6, what is -232500325 + -40?
-232500405
In base 11, what is aa2620 + 0?
aa2620
In base 13, what is -39818 + -38?
-39853
In base 5, what is -3404043 - 132?
-3404230
In base 13, what is 1 + 10234?
10235
In base 10, what is -30387 + -474?
-30861
In base 4, what is -231023 + 312123202?
311232113
In base 13, what is -97b + 49?
-932
In base 8, what is -6 - -1071076?
1071070
In base 8, what is -154 + -26671127?
-26671303
In base 16, what is -ae04139 + -1?
-ae0413a
In base 10, what is 5 - 12702191?
-12702186
In base 6, what is -222 + 2430250?
2430024
In base 6, what is 1 - 4321453133?
-4321453132
In base 6, what is -4 + -550101351?
-550101355
In base 6, what is -434011152 - -10?
-434011142
In base 3, what is 121010120 + 110120122?
1001201012
In base 7, what is -634330 - 156?
-634516
In base 12, what is -681226 - -8?
-68121a
In base 7, what is -1 + 43430222?
43430221
In base 9, what is 11803 - -17764?
30667
In base 3, what is -21011111222012 + -2010?
-21011112001022
In base 15, what is -4bc8ca - 5?
-4bc8d0
In base 9, what is 1440527 - -10?
1440537
In base 4, what is -332030332 + 202131?
-331222201
In base 5, what is -102102 - 2110142?
-2212244
In base 4, what is -321330230 - -31?
-321330133
In base 7, what is -604 + -113640?
-114544
In base 12, what is -2202ba94 + -5?
-2202ba99
In base 13, what is -3a1 - -31b?
-83
In base 2, what is -10 - 11100000001101011?
-11100000001101101
In base 4, what is 200032 + -132320?
1112
In base 10, what is -1174373611 + -1?
-1174373612
In base 10, what is 13 - 3679012?
-3678999
In base 2, what is -1001010011010110 + 1001110010?
-1001001001100100
In base 6, what is 43401 + 30325?
114130
In base 10, what is -5 + 3950651?
3950646
In base 10, what is 699409 - 68?
699341
In base 16, what is -5 + -432eb?
-432f0
In base 10, what is -162942280 + 4?
-162942276
In base 2, what is 10010101100100011011111001100 + 100?
10010101100100011011111010000
In base 14, what is -557 + 133b20?
1335a7
In base 8, what is 1354026 + 252?
1354300
In base 2, what is 100010011001 + 111001111000?
1011100010001
In base 15, what is -4 - -134238?
134234
In base 16, what is -ae + -3ccf02?
-3ccfb0
In base 13, what is 56 - -17094b?
1709a4
In base 9, what is 0 + 170168823?
170168823
In base 4, what is 201200021313 + 10?
201200021323
In base 2, what is 10000000110 + 100100100101110?
100110100110100
In base 6, what is 5 + 1343244312?
1343244321
In base 13, what is 281a80 - -13?
281a93
In base 6, what is 234 + 143212?
143450
In base 4, what is 222333213 - 1212?
222332001
In base 11, what is -2058a9a - 6?
-2058aa5
In base 9, what is -744 + 1477?
633
In base 12, what is 166 + 192003?
192169
In base 4, what is 1333 - -100012113?
100020112
In base 13, what is -47 - -6c2b3?
6c269
In base 10, what is 2 - 5587657?
-5587655
In base 7, what is -14626240001 + 2?
-14626236666
In base 4, what is -2201 + -20213012?
-20221213
In base 4, what is 3330031223 + 22?
3330031311
In base 5, what is -34324242004 + 3?
-34324242001
In base 12, what is 1a - -193232?
193250
In base 2, what is -100011 + -10110101011111010011000?
-10110101011111010111011
In base 15, what is -4 - -abd8294?
abd8290
In base 4, what is 210112100312 - -3?
210112100321
In base 13, what is -8 + -41a006?
-41a011
In base 15, what is 6a4 - -560?
c14
In base 14, what is -d7420ad + 2?
-d7420ab
In base 15, what is -da307 - d?
-da315
In base 13, what is 45056c8 - 2?
45056c6
In base 15, what is 36d2a + 2186?
38eb1
In base 12, what is -1515235 - 4?
-1515239
In base 7, what is 2251541 - -562?
2252433
In base 3, what is -22021 - 200002122202?
-200002222000
In base 2, what is 1000000 + -1110001010001101000?
-1110001010000101000
In base 8, what is 1442 - -443744?
445406
In base 16, what is 1 - -26f029?
26f02a
In base 15, what is -8a - -5e7d1?
5e746
In base 10, what is -1281452 - 33?
-1281485
In base 10, what is -562864 - 7?
-562871
In base 3, what is -10101210122 + -1001220?
-10102212112
In base 15, what is 709b - 220?
6d7b
In base 15, what is -4b - -1b55?
1b09
In base 5, what is -1120111312 + 12?
-1120111300
In base 15, what is 11 + -1c668a?
-1c6679
In base 13, what is 113c202 + -5?
113c1ca
In base 10, what is 486158 + -7?
486151
In base 15, what is 2606 + -6b5?
1e41
In base 10, what is 951 + -9698?
-8747
In base 9, what is 41873851 - 2?
41873848
In base 7, what is 12251 + 2311?
14562
In base 10, what is 21361 + 1217?
22578
In base 3, what is 22210222 - -1002202002?
1102120001
In base 15, what is -1c6ac7 - -7?
-1c6ac0
In base 8, what is -3144 - -255170?
252024
In base 3, what is 0 - -2110021101122222?
2110021101122222
In base 2, what is -1101000110011001 - -101010011?
-1101000001000110
In base 12, what is -95 - -276b?
2696
In base 10, what is -4 + -155156652?
-155156656
In base 16, what is 474 + -254b6?
-25042
In base 13, what is 500a04c - 2?
500a04a
In base 2, what is -1000000110000011111 - 1100?
-1000000110000101011
In base 4, what is -10220213 + 20013212?
3132333
In base 8, what is -71630 + -175?
-72025
In base 15, what is 2be6107 - 4?
2be6103
In base 3, what is 21102 - -220002021200?
220002120002
In base 12, what is 24905 + -694?
24231
In base 13, what is 3 - -358a463?
358a466
In base 16, what is -28f514e + 0?
-28f514e
In base 6, what is 5 + 11313245225?
11313245234
In base 11, what is 4319056 + 33?
4319089
In base 3, what is -22200121 + 110000111?
10022220
In base 3, what is -11001221121 + -211?
-11001222102
In base 2, what is -101100001010110000001000 - 11?
-101100001010110000001011
In base 7, what is -21560 - -3206?
-15351
In base 3, what is 11220221001010122 + 1?
11220221001010200
In base 7, what is -4311606 + 62?
-4311514
In base 5, what is 1141301031 + -44?
1141300432
In base 7, what is -1254003451 + 1?
-1254003450
In base 7, what is 13241162 + -131?
13241031
In base 15, what is c6cb - 83?
c648
In base 9, what is 2 + -204716603?
-204716601
In base 11, what is -3931923 + -8?
-3931930
In base 16, what is 0 + -7019f?
-7019f
In base 9, what is -663351 - 53?
-663414
In base 12, what is 6b9757 + -32?
6b9725
In base 6, what is -11042522 - 1520?
-11044442
In base 10, what is 2 - -25589728?
25589730
In base 8, what is 15723056 + 20?
15723076
In base 15, what is 57c0a + -5b?
57b9e
In base 11, what is 94a7 - -129?
9625
In base 3, what is 21201222120 - 2212?
21201212201
In base 16, what is -26899c + -1b?
-2689b7
In base 13, what is 20790cc - -35?
2079134
In base 2, what is 1001000011010110101101110111 + -11?
1001000011010110101101110100
In base 15, what is dd83db - -7?
dd83e3
In base 9, what is 4 + 81051578?
81051583
In base 5, what is 121311 + 2344324?
3021140
In base 4, what is 10123 - 230312013?
-230301230
In base 16, what is -4 + -977dc4a?
-977dc4e
In base 9, what is -1208238 + -418?
-1208657
In base 12, what is -88 + -33482?
-3354a
In base 14, what is -357c + -61c?
-3b9a
In base 9, what is 80 - 5583731?
-5583641
In base 7, what is 1061 - 350313?
-346222
In base 7, what is 4 - -1560314060?
1560314064
In base 3, what is 21112122220210 - -101?
21112122221011
In base 15, what is -2 + -1db1d0e7?
-1db1d0e9
In base 9, what is 1478 + -5446?
-3857
In base 14, what is c199a44 - 0?
c199a44
In base 15, what is -878e43 - 3?
-878e46
In base 11, what is -105a31 + 77a?
-105262
In base 4, what is -1 + -1223012011002?
-1223012011003
In base 3, what is 21220210100021 - 1202?
21220210021112
In base 13, what is 396 - 1739?
-1373
In base 4, what is -1123122133 - -11?
-1123122122
In base 13, what is 5794 - 166b?
4126
In base 10, what is -258 - 4846?
-5104
In base 4, what is 31210132122 - 2?
31210132120
In base 7, what is 3000150405 - 2?
3000150403
In base 9, what is -637077 - -2032?
-635045
In base 4, what is -331211 - -10120313?
3123102
In base 7, what is 6551 - -10140?
20021
In base 10, what is -5 - -25839373?
25839368
In base 15, what is 11 + 11007c?
11008d
In base 9, what is 12055 + -866?
11078
In base 13, what is -89427a - 2?
-89427c
In base 3, 